z) + 3*i(z). Let q = 6 - 41. Let x = -33 - q. Determine c(x).
5
Let p = -292 + 291. Let v(t) = 18*t**3 + 2*t**2 - 1. What is v(p)?
-17
Suppose -z = 478 - 474. Let f(l) = 3*l + 6. Give f(z).
-6
Let b(l) = -l. Suppose 0 = 11*j - 13 - 9. Determine b(j).
-2
Let m(l) = l + 13. Let b be m(-7). Let o be (-1)/((b/(-3))/(-10)). Let f(j) be the first derivative of j**4/4 + 2*j**3 + 7*j**2/2 + 5*j - 108. What is f(o)?
-5
Let u(v) be the third derivative of v**6/120 - v**5/20 - 5*v**4/24 - 2*v**2 - 16. Suppose -3*c - c + 24 = 0. Let k be c + (-2)/(-2) + -3. Determine u(k).
-4
Suppose 389*k - 387*k + 4 = 0, 4*k - 12 = 5*v. Let y(n) = -3 + n**3 + 4*n**2 + 0 + 6 + 2*n. Calculate y(v).
-5
Let u(a) = -4*a - 1. Let m(p) = 1. Let r(k) = -2*m(k) - u(k). Suppose 0 = -5*h - 5*o + 2*o - 3, 5 = 5*h + 5*o. Let z be (-4 - h)/((-1)/(-1)). What is r(z)?
-5
Let k = -3 + 9. Let y be (-1 - 5)*(-3)/k. Let c = -8 + y. Let m(p) = -p**2 - 8*p - 7. Calculate m(c).
8
Let b(m) be the first derivative of m**4/4 - 4*m**3/3 + m**2/2 - 3*m - 1431. Suppose -4*r + 12 = -r. Calculate b(r).
1
Let m = 4 + -4. Let r(f) be the first derivative of f**3/3 - f**2/2 + f - 59. Determine r(m).
1
Let g(l) = 4*l**3 + l**2 + 2*l + 1. Let v be (-4)/(-18) - 6/27. Suppose 4*y - 3*y = v. Suppose -5*f + 5 - 10 = y. Determine g(f).
-4
Let r be (-1)/2*2 + 5 + -3. Let o(p) = 5*p**3 + 9*p**2 - 2*p - 1. Let y(x) = -x**3 - x**2 - x - 1. Let c(d) = r*o(d) + 4*y(d). What is c(-6)?
-5
Let i = 26 + -37. Let m(s) = -s**3 - 12*s**2 - 11*s. What is m(i)?
0
Let d = 12 - 9. Suppose 0 = -3*w - d*c - c - 10, w + 3*c = -5. Let x(g) = -3*g**3 - g**2 - g - 2. Calculate x(w).
20
Suppose -5*o = -2*o + 5*v - 14, 0 = -4*o + v + 34. Let g be -2 - o/2*-1. Let d be -1*3*g/(-3). Let t(a) = -5*a + 3. Determine t(d).
-7
Let i(u) = -u**3 + 6*u**2 - 9*u - 1. Suppose -s + 10 = 2*o, 3*s + 4*o = 9*o - 14. Determine i(s).
-3
Let v be (-4)/(-14) - 144/63. Let d(y) = 2*y**3 + 0*y - 5303*y**2 - 2*y + 5301*y**2. What is d(v)?
-20
Let f = -43 + -142. Let o be 66/(-1) - (-1 + 0). Let r be f/o + 4/26. Let q(h) = -h**3 + 3*h**2 - h - 4. Determine q(r).
-7
Let h = -864 + 852. Let q(t) = -t**3 - 12*t**2 + 4*t + 13. Calculate q(h).
-35
Let v(k) = -2*k. Let i be v(-3). Let g(l) = 27*l - 2. Let s(q) = -13*q + 1. Let z(m) = i*g(m) + 13*s(m). Let t = 4 - 3. What is z(t)?
-6
Let j = 43 + -19. Let l be (-16)/j*30/4. Let z = 1 - l. Let r(y) = -y + 1. What is r(z)?
-5
Suppose 2 - 6 = -4*v. Let q(k) = k**2 - 13*k + 15. Let b be q(12). Let d(f) = 3 - 1 - b - 8*f. Determine d(v).
-9
Let s be 2*(-5)/(20/6). Let w(n) = 3*n**3 + 20*n**2 + 11*n + 8. Let v(t) = -t**3 - 7*t**2 - 4*t - 3. Let k(r) = 8*v(r) + 3*w(r). Determine k(s).
6
Let b be 2*(572/(-192) - (1 + -4)). Let a(f) be the third derivative of 0*f - 1/6*f**3 - 1/30*f**5 + 0 + 2*f**2 + b*f**4 - 1/60*f**6. What is a(-2)?
5
Let p(h) = -3*h**2 - 4*h - 3. Let b be (14 + 10)*1/(-2). Let u = b + 10. Calculate p(u).
-7
Let y(r) = r**2 - 3*r + 2. Let z be -2 + -18*1/(-3). Determine y(z).
6
Let o(h) be the second derivative of h**5/20 - h**4/2 + h**3/2 + 2*h**2 + 193*h. Suppose -4*b + 0*b + 12 = 0. Suppose 0*u + 15 = b*u. Calculate o(u).
-6
Suppose 12*z - 3 = -39. Let l(t) = 4*t + t - 6*t - 1. What is l(z)?
2
Let z = -565 + 571. Let i(o) = o**2 - 5*o - 4. Determine i(z).
2
Let r(m) = m + 3. Suppose 0 = 3*i + 2*k + 4, i - 2*k + 8 + 4 = 0. Let n be 2*(-3 + i/8). Calculate r(n).
-4
Let c(b) = -b + 1. Let s = 16 - 15. Let m(r) = r**2 + r + 4. Let i(h) = s*c(h) - m(h). Calculate i(-3).
-6
Let s(c) = -c**2 - 4. Suppose 3*j - 7*j + 20 = 3*d, 2*d - 3*j + 15 = 0. Let k be (-1*d/(-1))/2. Determine s(k).
-4
Let g(a) be the second derivative of a**4/12 + a**3/6 + 2*a**2 + 19*a. Give g(0).
4
Suppose -5*w - 23 - 52 = 0. Let a be (-12)/(-15) + (-3)/w. Let t(o) = 4*o**3 - o**2 - o + 1. What is t(a)?
3
Let d(z) be the second derivative of z**3/6 + 15*z**2/2 - 154*z. What is d(-9)?
6
Let q(b) = 8*b**2 - 7*b**2 - 34 + 87 + b - 33. Calculate q(0).
20
Let p(x) = -x + 8. Suppose -2*w - 98 = -318. Suppose -2*u - w = -4*j, -u = j + u - 30. Suppose -j + 8 = -5*k. Determine p(k).
4
Let w(c) = c - 7. Let j be (4 - (-11)/(-3))*6. Suppose n + 5*f + 2 = 8, j*n - 18 = -4*f. Determine w(n).
4
Let y(i) = -3*i - 2. Suppose -2*l + 76*t = 72*t, 4 = -4*t. What is y(l)?
4
Let s(q) be the second derivative of -q**3 + q**2 + 119*q. Calculate s(3).
-16
Let v(c) = -c**2 - 20*c + 132. Let i be v(-25). Let j(r) = 4*r - 11. Suppose 0 = 10*q - 5*q + 45. Let k(x) = x - 3. Let d(b) = q*k(b) + 2*j(b). Determine d(i).
-2
Let j(k) be the first derivative of k**2/2 - 5*k + 148. Determine j(5).
0
Let z(m) be the second derivative of m**6/360 + m**5/30 + m**4/24 - m**3/6 + 19*m. Let v(o) be the second derivative of z(o). Calculate v(-5).
6
Let x(g) = -6*g**2 - 2*g + 7. Let s(z) = 15*z**2 + 5*z - 16. Let r(o) = -3*s(o) - 7*x(o). Determine r(-2).
-11
Let j(m) = -7*m**2 - 5 + m**3 + 8*m**2 - 84*m + 84*m. Give j(0).
-5
Suppose 8*b + 24 = -0. Let x(z) = -z**2 - 6*z - 13. What is x(b)?
-4
Let j(f) = 2*f - 4 + 11*f - 7. Let b = -24 - -22. Let h(u) = u - 1. Let r(o) = b*j(o) + 22*h(o). What is r(1)?
-4
Let s(r) = -5*r**2 + 13*r + 24. Let b(d) = -2*d**2 + 7*d + 11. Let w(i) = -7*b(i) + 3*s(i). What is w(-10)?
-5
Let z(o) = o**3 - o - 3. Suppose -5*w = -0*w. Let m be z(w). Let t(p) = -4*p. Let s(k) = -k - 1. Let v(g) = 3*s(g) - t(g). What is v(m)?
-6
Let j(a) = 3*a + 15. Let g be j(-4). Let x(i) = g - i**3 + 1 + 3*i**2 - 4*i**2 + i + 3. Determine x(0).
7
Let t(g) = g**3 - g**2 - g. Let c(z) = 10*z**2 - 4*z - 23*z**2 + 1 + 5 - 2*z**3 + 10*z**2. Let s(l) = -c(l) - 3*t(l). What is s(7)?
-6
Let y(l) = l**3 + 2*l**2 + 2*l - 1. Let m(v) = -5*v + 77. Let u be m(15). Calculate y(u).
19
Let k(b) = -1509 + 3033 + 7*b - 1516. Calculate k(-2).
-6
Let c(z) be the first derivative of 5*z**2 - z + 693. Calculate c(-6).
-61
Let s = 73 + -74. Let z(j) be the third derivative of -1/12*j**4 - 1/30*j**5 + 0*j + 0 + j**2 + 1/12*j**6 - 1/6*j**3. Determine z(s).
-11
Let m(x) = x**3 - x**2 - 4*x + 2. Let t be m(0). Let c be ((-20)/(-5) + -4)/2. Let y(v) = 3*v**3 - 6*v + 2*v**2 + 3*v - 4*v**3 + c*v**3. Calculate y(t).
-6
Let v(x) = -14*x - 127*x**2 + x**3 + 115*x**2 + 1 + 6. Determine v(13).
-6
Let h(v) = -7*v - 97. Let w be h(-14). Let d(i) = i**3 - 5*i**2 - 5*i - 5. Let g be d(6). Let z be (-1 + -2)*(g + w). Let k(y) = -2*y + 1. Calculate k(z).
13
Let a(x) = -x**2 - 90 + 50 + 45 + 5*x. Let l(u) = u. Let i be l(5). What is a(i)?
5
Let v(a) be the second derivative of -1/12*a**4 + 1/6*a**3 - 22*a + 0 - 3*a**2. What is v(0)?
-6
Let a(g) be the first derivative of g**2 + 11/3*g**3 + 12 + g. What is a(-1)?
10
Let x(r) be the first derivative of -7*r**3/3 - r - 1. Let o(j) = 20*j**3 - 2*j**2 + 3*j - 2. Let t be o(1). Let p be ((-1)/(-1))/(t + -18). Determine x(p).
-8
Let v(c) be the second derivative of -3*c**2/2 - 19*c. Let n(l) = l + 16. Let y(r) = 4*n(r) + 22*v(r). What is y(-2)?
-10
Let i(k) = -2*k - 1. Suppose -18*w + 12 = -14*w. Let s(d) = d + 2. Let z(o) = w*s(o) + 2*i(o). Determine z(-3).
7
Let n(t) be the third derivative of 0 - 4/3*t**3 + 0*t - 1/24*t**4 - 2*t**2. Let x be n(-12). Let j(z) = -z**3 + 4*z**2 - 5. What is j(x)?
-5
Let m(q) = -3*q - 25. Let y be m(-7). Let u(n) = n**2 + 2*n - 3. Give u(y).
5
Let m(d) = 11*d + 375 - 375. Calculate m(-1).
-11
Let w(n) = -2*n - 42. Let u be w(-7). Let f be (1 - u/4)/2. Let m(b) = b**2 + b - 3. What is m(f)?
17
Let h(a) = -3*a + 10. Let q be (60/(-100))/((-6)/20). Let t(u) = -7*u + 21. Let p(y) = q*t(y) - 5*h(y). What is p(7)?
-1
Let r(g) = -22*g**3 - g**2 + 2*g - 1. Let o(d) = d**2 + 4*d - 29. Let f be o(5). Let j = f + -15. What is r(j)?
-22
Let p(b) be the first derivative of -b**3/3 + 9*b**2/2 - 7*b - 21. What is p(7)?
7
Let u(n) = -4*n**2 - 6*n + 1. Let a be (17 - 8)*(-2)/(-9). What is u(a)?
-27
Let u = -50 + 53. Suppose 10 = 2*k, -u*m + k + k - 19 = 0. Let z(j) = -j**3 - 5*j**2 - j + 1. What is z(m)?
-14
Let j(g) = -5 - 59*g + 31*g + 2 + 1 + 32*g. Determine j(4).
14
Let b(g) = -g + 6. Let p(l) = 3*l - 17. Let j = -42 + 59. Let r = 0 + j. Let a(f) = r*b(f) + 6*p(f). Give a(1).
1
Let y(m) = 28*m**3 - 3*m + 2*m**3 - 3*m - 20*m**3 + 4*m - 1 - m**2. Give y(-1).
-10
Let k be (-20)/6*1*21/(-14). Let h be k + -2 - -2 - 0. Let w(v) = 2*v**2 - 7*v + 2. Wha